{"id":160038,"date":"2025-10-07T15:10:26","date_gmt":"2025-10-07T18:10:26","guid":{"rendered":"https:\/\/www.valdesriesco.com\/?page_id=160038"},"modified":"2026-01-14T20:56:13","modified_gmt":"2026-01-14T23:56:13","slug":"equipo","status":"publish","type":"page","link":"https:\/\/www.valdesriesco.com\/?page_id=160038","title":{"rendered":"Equipo"},"content":{"rendered":"<div class=\"wpb-content-wrapper\"><p>[vc_row unlock_row_content=&#8221;yes&#8221; row_height_percent=&#8221;60&#8243; override_padding=&#8221;yes&#8221; h_padding=&#8221;5&#8243; top_padding=&#8221;7&#8243; bottom_padding=&#8221;7&#8243; back_image=&#8221;160059&#8243; overlay_alpha=&#8221;0&#8243; gutter_size=&#8221;3&#8243; column_width_percent=&#8221;100&#8243; shift_y=&#8221;0&#8243; z_index=&#8221;0&#8243; top_divider=&#8221;gradient&#8221; bottom_divider=&#8221;gradient&#8221; content_parallax=&#8221;1&#8243; content_parallax_safe=&#8221;yes&#8221; uncode_shortcode_id=&#8221;149515&#8243; front_end_with_slider=&#8221;true&#8221; el_class=&#8221;mobile-flex-bottom&#8221;][vc_column column_width_percent=&#8221;100&#8243; position_vertical=&#8221;bottom&#8221; gutter_size=&#8221;3&#8243; overlay_alpha=&#8221;50&#8243; shift_x=&#8221;0&#8243; shift_y=&#8221;0&#8243; shift_y_down=&#8221;0&#8243; z_index=&#8221;0&#8243; medium_width=&#8221;0&#8243; mobile_width=&#8221;0&#8243; zoom_width=&#8221;0&#8243; zoom_height=&#8221;0&#8243; width=&#8221;1\/1&#8243; uncode_shortcode_id=&#8221;554618&#8243;][uncode_slider slider_type=&#8221;fade&#8221; slider_interval=&#8221;0&#8243; slider_navspeed=&#8221;400&#8243; advanced_nav=&#8221;yes&#8221; el_id1=&#8221;slider-111384&#8243; el_id=&#8221;slider-111384&#8243;][vc_row_inner row_inner_height_percent=&#8221;0&#8243; overlay_alpha=&#8221;57&#8243; gutter_size=&#8221;3&#8243; shift_y=&#8221;0&#8243; z_index=&#8221;0&#8243; limit_content=&#8221;&#8221; front_end_with_slider=&#8221;true&#8221; uncode_shortcode_id=&#8221;188438&#8243;][vc_column_inner column_width_percent=&#8221;100&#8243; position_horizontal=&#8221;left&#8221; position_vertical=&#8221;bottom&#8221; gutter_size=&#8221;2&#8243; style=&#8221;dark&#8221; overlay_alpha=&#8221;50&#8243; shift_x=&#8221;0&#8243; shift_y=&#8221;0&#8243; shift_y_down=&#8221;0&#8243; z_index=&#8221;0&#8243; medium_width=&#8221;0&#8243; mobile_width=&#8221;0&#8243; zoom_width=&#8221;0&#8243; zoom_height=&#8221;0&#8243; width=&#8221;8\/12&#8243; uncode_shortcode_id=&#8221;600696&#8243;][vc_custom_heading heading_semantic=&#8221;h1&#8243; text_font=&#8221;font-377884&#8243; text_size=&#8221;fontsize-210105&#8243; text_weight=&#8221;400&#8243; css_animation=&#8221;perspective&#8221; animation_speed=&#8221;1000&#8243; uncode_shortcode_id=&#8221;452115&#8243;]Nuestro Equipo[\/vc_custom_heading][\/vc_column_inner][vc_column_inner column_width_use_pixel=&#8221;yes&#8221; position_horizontal=&#8221;left&#8221; position_vertical=&#8221;bottom&#8221; gutter_size=&#8221;3&#8243; style=&#8221;dark&#8221; overlay_alpha=&#8221;50&#8243; shift_x=&#8221;0&#8243; shift_y=&#8221;0&#8243; shift_y_down=&#8221;0&#8243; z_index=&#8221;0&#8243; medium_width=&#8221;0&#8243; mobile_width=&#8221;0&#8243; css_animation=&#8221;alpha-anim&#8221; animation_speed=&#8221;1000&#8243; animation_delay=&#8221;800&#8243; width=&#8221;4\/12&#8243; uncode_shortcode_id=&#8221;428937&#8243; column_width_pixel=&#8221;400&#8243;][\/vc_column_inner][\/vc_row_inner][\/uncode_slider][\/vc_column][\/vc_row][vc_row row_height_percent=&#8221;0&#8243; override_padding=&#8221;yes&#8221; h_padding=&#8221;2&#8243; top_padding=&#8221;5&#8243; bottom_padding=&#8221;5&#8243; back_color=&#8221;color-xsdn&#8221; overlay_alpha=&#8221;50&#8243; gutter_size=&#8221;4&#8243; column_width_percent=&#8221;100&#8243; shift_y=&#8221;0&#8243; z_index=&#8221;0&#8243; content_parallax=&#8221;0&#8243; uncode_shortcode_id=&#8221;488616&#8243; back_color_type=&#8221;uncode-palette&#8221;][vc_column column_width_percent=&#8221;100&#8243; gutter_size=&#8221;3&#8243; overlay_alpha=&#8221;50&#8243; shift_x=&#8221;0&#8243; shift_y=&#8221;0&#8243; shift_y_down=&#8221;0&#8243; z_index=&#8221;0&#8243; medium_width=&#8221;0&#8243; mobile_width=&#8221;0&#8243; width=&#8221;5\/12&#8243; uncode_shortcode_id=&#8221;191305&#8243;][vc_single_image media=&#8221;41&#8243; media_width_percent=&#8221;76&#8243; media_ratio=&#8221;one-one&#8221; shape=&#8221;img-circle&#8221; uncode_shortcode_id=&#8221;878193&#8243;][\/vc_column][vc_column column_width_percent=&#8221;100&#8243; position_vertical=&#8221;middle&#8221; gutter_size=&#8221;1&#8243; overlay_alpha=&#8221;50&#8243; shift_x=&#8221;0&#8243; shift_y=&#8221;0&#8243; shift_y_down=&#8221;0&#8243; z_index=&#8221;0&#8243; medium_width=&#8221;0&#8243; mobile_width=&#8221;0&#8243; width=&#8221;7\/12&#8243; uncode_shortcode_id=&#8221;803614&#8243;][vc_custom_heading text_size=&#8221;h1&#8243; text_weight=&#8221;400&#8243; uncode_shortcode_id=&#8221;721112&#8243;]Tom\u00e1s Vald\u00e9s[\/vc_custom_heading][vc_empty_space empty_h=&#8221;1&#8243;][vc_custom_heading text_color=&#8221;accent&#8221; text_size=&#8221;h5&#8243; text_weight=&#8221;400&#8243; text_transform=&#8221;uppercase&#8221; text_space=&#8221;fontspace-135905&#8243; uncode_shortcode_id=&#8221;737641&#8243; text_color_type=&#8221;uncode-palette&#8221;]SOCIO[\/vc_custom_heading][vc_empty_space empty_h=&#8221;0&#8243;][vc_custom_heading heading_semantic=&#8221;h3&#8243; text_size=&#8221;h5&#8243; text_weight=&#8221;400&#8243; text_height=&#8221;fontheight-357766&#8243; uncode_shortcode_id=&#8221;818243&#8243; text_color_type=&#8221;uncode-solid&#8221; text_color_solid=&#8221;#5b616b&#8221;]<\/p>\n<p data-start=\"315\" data-end=\"723\">Abogado de la Universidad Diego Portales y Magister en Desarrollo Urbano de la Pontificia Universidad Cat\u00f3lica de Chile y Diplomado en Derecho de la Construcci\u00f3n de la PUC de Valpara\u00edso. Ha sido profesor ayudante de la U. Diego Portales. Posee una amplia trayectoria en Derecho Inmobiliario, Derecho Corporativo, y en Empresas Familiares.<br \/>\nEs director de empresas y miembro de Comit\u00e9s de Vigilancia de diferentes Administradoras de Fondos de Inversi\u00f3n.<br \/>\nReconocido por sus conocimientos, visi\u00f3n estrat\u00e9gica, cercan\u00eda con los clientes y capacidad para transformar desaf\u00edos legales en oportunidades de crecimiento.[\/vc_custom_heading][vc_empty_space empty_h=&#8221;2&#8243;][vc_custom_heading text_color=&#8221;accent&#8221; heading_semantic=&#8221;h3&#8243; text_size=&#8221;h5&#8243; text_weight=&#8221;400&#8243; text_height=&#8221;fontheight-357766&#8243; uncode_shortcode_id=&#8221;166854&#8243; text_color_type=&#8221;uncode-palette&#8221;]<a href=\"mailto:tvaldes@valdesriesco.com\" target=\"_blank\" rel=\"noopener\">Mail<\/a>[\/vc_custom_heading][vc_separator sep_color=&#8221;accent&#8221; uncode_shortcode_id=&#8221;840491&#8243; sep_color_type=&#8221;uncode-palette&#8221;][vc_custom_heading text_color=&#8221;color-prif&#8221; heading_semantic=&#8221;h3&#8243; text_size=&#8221;h5&#8243; text_weight=&#8221;400&#8243; text_height=&#8221;fontheight-357766&#8243; uncode_shortcode_id=&#8221;194461&#8243; text_color_type=&#8221;uncode-palette&#8221;]<a href=\"https:\/\/www.linkedin.com\/in\/tom%C3%A1s-vald%C3%A9s-riesco-15465842\/\" target=\"_blank\" rel=\"noopener\">Linkedin<\/a>[\/vc_custom_heading][\/vc_column][\/vc_row][vc_row row_height_percent=&#8221;0&#8243; override_padding=&#8221;yes&#8221; h_padding=&#8221;2&#8243; top_padding=&#8221;5&#8243; bottom_padding=&#8221;5&#8243; back_color=&#8221;color-lxmt&#8221; overlay_alpha=&#8221;50&#8243; gutter_size=&#8221;4&#8243; column_width_percent=&#8221;100&#8243; shift_y=&#8221;0&#8243; z_index=&#8221;0&#8243; content_parallax=&#8221;0&#8243; uncode_shortcode_id=&#8221;160878&#8243; back_color_type=&#8221;uncode-palette&#8221;][vc_column column_width_percent=&#8221;100&#8243; gutter_size=&#8221;3&#8243; overlay_alpha=&#8221;50&#8243; shift_x=&#8221;0&#8243; shift_y=&#8221;0&#8243; shift_y_down=&#8221;0&#8243; z_index=&#8221;0&#8243; medium_width=&#8221;0&#8243; mobile_width=&#8221;0&#8243; width=&#8221;5\/12&#8243; uncode_shortcode_id=&#8221;191305&#8243;][vc_single_image media=&#8221;160085&#8243; media_width_percent=&#8221;76&#8243; media_ratio=&#8221;one-one&#8221; shape=&#8221;img-circle&#8221; uncode_shortcode_id=&#8221;678349&#8243;][\/vc_column][vc_column column_width_percent=&#8221;100&#8243; position_vertical=&#8221;middle&#8221; gutter_size=&#8221;1&#8243; overlay_alpha=&#8221;50&#8243; shift_x=&#8221;0&#8243; shift_y=&#8221;0&#8243; shift_y_down=&#8221;0&#8243; z_index=&#8221;0&#8243; medium_width=&#8221;0&#8243; mobile_width=&#8221;0&#8243; width=&#8221;7\/12&#8243; uncode_shortcode_id=&#8221;803614&#8243;][vc_custom_heading text_size=&#8221;h1&#8243; text_weight=&#8221;400&#8243; uncode_shortcode_id=&#8221;344121&#8243;]Mar\u00eda Luisa Riesco Larra\u00edn[\/vc_custom_heading][vc_empty_space empty_h=&#8221;1&#8243;][vc_custom_heading text_color=&#8221;accent&#8221; text_size=&#8221;h5&#8243; text_weight=&#8221;400&#8243; text_transform=&#8221;uppercase&#8221; text_space=&#8221;fontspace-135905&#8243; uncode_shortcode_id=&#8221;912992&#8243; text_color_type=&#8221;uncode-palette&#8221;]SOCIA[\/vc_custom_heading][vc_empty_space empty_h=&#8221;0&#8243;][vc_custom_heading heading_semantic=&#8221;h3&#8243; text_size=&#8221;h5&#8243; text_weight=&#8221;400&#8243; text_height=&#8221;fontheight-357766&#8243; uncode_shortcode_id=&#8221;112145&#8243; text_color_type=&#8221;uncode-solid&#8221; text_color_solid=&#8221;#5b616b&#8221;]<\/p>\n<p data-start=\"315\" data-end=\"723\">Abogada de la Universidad de Chile, ex Magistrado de la Rep\u00fablica y ex ministra (s) de la corte de Apelaciones de Santiago. Con dilatada experiencia en el ejercicio del Derecho Civil y Penal, destaca por su enfoque estrat\u00e9gico y proporcionar respuestas legales responsables y sostenibles.<\/p>\n<p>[\/vc_custom_heading][vc_empty_space empty_h=&#8221;2&#8243;][vc_custom_heading text_color=&#8221;accent&#8221; heading_semantic=&#8221;h3&#8243; text_size=&#8221;h5&#8243; text_weight=&#8221;400&#8243; text_height=&#8221;fontheight-357766&#8243; uncode_shortcode_id=&#8221;200230&#8243; text_color_type=&#8221;uncode-palette&#8221;]<a href=\"mailto:tv@valdesriesco.com\" target=\"_blank\" rel=\"noopener\">Mail<\/a>[\/vc_custom_heading][vc_separator sep_color=&#8221;accent&#8221; uncode_shortcode_id=&#8221;840491&#8243; sep_color_type=&#8221;uncode-palette&#8221;][\/vc_column][\/vc_row][vc_row row_height_percent=&#8221;0&#8243; override_padding=&#8221;yes&#8221; h_padding=&#8221;2&#8243; top_padding=&#8221;5&#8243; bottom_padding=&#8221;5&#8243; overlay_alpha=&#8221;50&#8243; gutter_size=&#8221;4&#8243; column_width_percent=&#8221;100&#8243; shift_y=&#8221;0&#8243; z_index=&#8221;0&#8243; uncode_shortcode_id=&#8221;965969&#8243;][vc_column column_width_percent=&#8221;100&#8243; gutter_size=&#8221;3&#8243; overlay_alpha=&#8221;50&#8243; shift_x=&#8221;0&#8243; shift_y=&#8221;0&#8243; shift_y_down=&#8221;0&#8243; z_index=&#8221;0&#8243; medium_width=&#8221;0&#8243; mobile_width=&#8221;0&#8243; width=&#8221;5\/12&#8243; uncode_shortcode_id=&#8221;191305&#8243;][vc_single_image media=&#8221;40&#8243; media_width_percent=&#8221;76&#8243; media_ratio=&#8221;one-one&#8221; shape=&#8221;img-circle&#8221; uncode_shortcode_id=&#8221;979287&#8243;][\/vc_column][vc_column column_width_percent=&#8221;100&#8243; position_vertical=&#8221;middle&#8221; gutter_size=&#8221;1&#8243; overlay_alpha=&#8221;50&#8243; shift_x=&#8221;0&#8243; shift_y=&#8221;0&#8243; shift_y_down=&#8221;0&#8243; z_index=&#8221;0&#8243; medium_width=&#8221;0&#8243; mobile_width=&#8221;0&#8243; width=&#8221;7\/12&#8243; uncode_shortcode_id=&#8221;803614&#8243;][vc_custom_heading text_size=&#8221;h1&#8243; text_weight=&#8221;400&#8243; uncode_shortcode_id=&#8221;145482&#8243;]Pamela Bucarey Vivanco[\/vc_custom_heading][vc_empty_space empty_h=&#8221;1&#8243;][vc_custom_heading text_color=&#8221;accent&#8221; text_size=&#8221;h5&#8243; text_weight=&#8221;400&#8243; text_transform=&#8221;uppercase&#8221; text_space=&#8221;fontspace-135905&#8243; uncode_shortcode_id=&#8221;798402&#8243; text_color_type=&#8221;uncode-palette&#8221;]ASOCIADA[\/vc_custom_heading][vc_empty_space empty_h=&#8221;0&#8243;][vc_custom_heading heading_semantic=&#8221;h3&#8243; text_size=&#8221;h5&#8243; text_weight=&#8221;400&#8243; text_height=&#8221;fontheight-357766&#8243; uncode_shortcode_id=&#8221;801787&#8243; text_color_type=&#8221;uncode-solid&#8221; text_color_solid=&#8221;#5b616b&#8221;]<\/p>\n<p data-start=\"315\" data-end=\"723\">Abogada de la Universidad de Chile. Posee un Diplomada en Derecho Urban\u00edstico y de la Construcci\u00f3n, as\u00ed como estudios en Tributaci\u00f3n Inmobiliaria. En su desempe\u00f1o profesional, destaca su larga experiencia en Derecho Inmobiliario, colaborando para el desarrollo de n\u00fameros proyectos en el \u00e1mbito de vivienda y comerciales, as\u00ed como respecto a tributaci\u00f3n territorial.<\/p>\n<p>[\/vc_custom_heading][vc_empty_space empty_h=&#8221;2&#8243;][vc_custom_heading text_color=&#8221;accent&#8221; heading_semantic=&#8221;h3&#8243; text_size=&#8221;h5&#8243; text_weight=&#8221;400&#8243; text_height=&#8221;fontheight-357766&#8243; uncode_shortcode_id=&#8221;983148&#8243; text_color_type=&#8221;uncode-palette&#8221;]<a href=\"mailto:pbucarey@valdesriesco.com\" target=\"_blank\" rel=\"noopener\">Mail<\/a>[\/vc_custom_heading][vc_separator sep_color=&#8221;accent&#8221; uncode_shortcode_id=&#8221;840491&#8243; sep_color_type=&#8221;uncode-palette&#8221;][vc_custom_heading text_color=&#8221;color-prif&#8221; heading_semantic=&#8221;h3&#8243; text_size=&#8221;h5&#8243; text_weight=&#8221;400&#8243; text_height=&#8221;fontheight-357766&#8243; uncode_shortcode_id=&#8221;118401&#8243; text_color_type=&#8221;uncode-palette&#8221;]<a href=\"https:\/\/www.linkedin.com\/in\/pamela-bucarey-vivanco-34168a129\/\" target=\"_blank\" rel=\"noopener\">Linkedin<\/a>[\/vc_custom_heading][\/vc_column][\/vc_row][vc_row row_height_percent=&#8221;0&#8243; override_padding=&#8221;yes&#8221; h_padding=&#8221;2&#8243; top_padding=&#8221;5&#8243; bottom_padding=&#8221;5&#8243; back_color=&#8221;color-lxmt&#8221; overlay_alpha=&#8221;50&#8243; gutter_size=&#8221;4&#8243; column_width_percent=&#8221;100&#8243; shift_y=&#8221;0&#8243; z_index=&#8221;0&#8243; content_parallax=&#8221;0&#8243; uncode_shortcode_id=&#8221;584015&#8243; back_color_type=&#8221;uncode-palette&#8221;][vc_column column_width_percent=&#8221;100&#8243; gutter_size=&#8221;3&#8243; overlay_alpha=&#8221;50&#8243; shift_x=&#8221;0&#8243; shift_y=&#8221;0&#8243; shift_y_down=&#8221;0&#8243; z_index=&#8221;0&#8243; medium_width=&#8221;0&#8243; mobile_width=&#8221;0&#8243; width=&#8221;5\/12&#8243; uncode_shortcode_id=&#8221;191305&#8243;][vc_single_image media=&#8221;39&#8243; media_width_percent=&#8221;76&#8243; media_ratio=&#8221;one-one&#8221; shape=&#8221;img-circle&#8221; uncode_shortcode_id=&#8221;188996&#8243;][\/vc_column][vc_column column_width_percent=&#8221;100&#8243; position_vertical=&#8221;middle&#8221; gutter_size=&#8221;1&#8243; overlay_alpha=&#8221;50&#8243; shift_x=&#8221;0&#8243; shift_y=&#8221;0&#8243; shift_y_down=&#8221;0&#8243; z_index=&#8221;0&#8243; medium_width=&#8221;0&#8243; mobile_width=&#8221;0&#8243; width=&#8221;7\/12&#8243; uncode_shortcode_id=&#8221;803614&#8243;][vc_custom_heading text_size=&#8221;h1&#8243; text_weight=&#8221;400&#8243; uncode_shortcode_id=&#8221;129292&#8243;]<span class=\"a_GcMg font-feature-liga-off font-feature-clig-off font-feature-calt-off text-decoration-none text-strikethrough-none\">Mar\u00eda Beatriz Valech Alessandri<\/span>[\/vc_custom_heading][vc_empty_space empty_h=&#8221;1&#8243;][vc_custom_heading text_color=&#8221;accent&#8221; text_size=&#8221;h5&#8243; text_weight=&#8221;400&#8243; text_transform=&#8221;uppercase&#8221; text_space=&#8221;fontspace-135905&#8243; uncode_shortcode_id=&#8221;375409&#8243; text_color_type=&#8221;uncode-palette&#8221;]<span class=\"a_GcMg font-feature-liga-off font-feature-clig-off font-feature-calt-off text-decoration-none text-strikethrough-none\">ASOCIADA<\/span>[\/vc_custom_heading][vc_empty_space empty_h=&#8221;0&#8243;][vc_custom_heading heading_semantic=&#8221;h3&#8243; text_size=&#8221;h5&#8243; text_weight=&#8221;400&#8243; text_height=&#8221;fontheight-357766&#8243; uncode_shortcode_id=&#8221;811358&#8243; text_color_type=&#8221;uncode-solid&#8221; text_color_solid=&#8221;#5b616b&#8221;]<\/p>\n<p data-start=\"315\" data-end=\"723\">Abogada de la Universidad de los Andes con s\u00f3lida trayectoria en Derecho Corporativo, Inmobiliario y Civil. Destaca por su capacidad de trabajo, experiencia resolutiva, minuciosidad y gran cercan\u00eda con los clientes.<\/p>\n<p>[\/vc_custom_heading][vc_empty_space empty_h=&#8221;2&#8243;][vc_custom_heading text_color=&#8221;accent&#8221; heading_semantic=&#8221;h3&#8243; text_size=&#8221;h5&#8243; text_weight=&#8221;400&#8243; text_height=&#8221;fontheight-357766&#8243; uncode_shortcode_id=&#8221;206290&#8243; text_color_type=&#8221;uncode-palette&#8221;]<a href=\"mailto:bvalech@valdesriesco.com\" target=\"_blank\" rel=\"noopener\">Mail<\/a>[\/vc_custom_heading][vc_separator sep_color=&#8221;accent&#8221; uncode_shortcode_id=&#8221;840491&#8243; sep_color_type=&#8221;uncode-palette&#8221;][vc_custom_heading text_color=&#8221;color-prif&#8221; heading_semantic=&#8221;h3&#8243; text_size=&#8221;h5&#8243; text_weight=&#8221;400&#8243; text_height=&#8221;fontheight-357766&#8243; uncode_shortcode_id=&#8221;194461&#8243; text_color_type=&#8221;uncode-palette&#8221;]<a href=\"https:\/\/www.linkedin.com\/in\/tom%C3%A1s-vald%C3%A9s-riesco-15465842\/\" target=\"_blank\" rel=\"noopener\">Linkedin<\/a>[\/vc_custom_heading][\/vc_column][\/vc_row][vc_row row_height_percent=&#8221;0&#8243; override_padding=&#8221;yes&#8221; h_padding=&#8221;2&#8243; top_padding=&#8221;5&#8243; bottom_padding=&#8221;5&#8243; overlay_alpha=&#8221;50&#8243; gutter_size=&#8221;4&#8243; column_width_percent=&#8221;100&#8243; shift_y=&#8221;0&#8243; z_index=&#8221;0&#8243; uncode_shortcode_id=&#8221;965969&#8243;][vc_column column_width_percent=&#8221;100&#8243; gutter_size=&#8221;3&#8243; overlay_alpha=&#8221;50&#8243; shift_x=&#8221;0&#8243; shift_y=&#8221;0&#8243; shift_y_down=&#8221;0&#8243; z_index=&#8221;0&#8243; medium_width=&#8221;0&#8243; mobile_width=&#8221;0&#8243; width=&#8221;5\/12&#8243; uncode_shortcode_id=&#8221;191305&#8243;][vc_single_image media=&#8221;160216&#8243; media_width_percent=&#8221;76&#8243; media_ratio=&#8221;one-one&#8221; shape=&#8221;img-circle&#8221; uncode_shortcode_id=&#8221;129948&#8243;][\/vc_column][vc_column column_width_percent=&#8221;100&#8243; position_vertical=&#8221;middle&#8221; gutter_size=&#8221;1&#8243; overlay_alpha=&#8221;50&#8243; shift_x=&#8221;0&#8243; shift_y=&#8221;0&#8243; shift_y_down=&#8221;0&#8243; z_index=&#8221;0&#8243; medium_width=&#8221;0&#8243; mobile_width=&#8221;0&#8243; width=&#8221;7\/12&#8243; uncode_shortcode_id=&#8221;803614&#8243;][vc_custom_heading text_size=&#8221;h1&#8243; text_weight=&#8221;400&#8243; uncode_shortcode_id=&#8221;197391&#8243;]Jorge Alcalde Schonherr[\/vc_custom_heading][vc_empty_space empty_h=&#8221;1&#8243;][vc_custom_heading text_color=&#8221;accent&#8221; text_size=&#8221;h5&#8243; text_weight=&#8221;400&#8243; text_transform=&#8221;uppercase&#8221; text_space=&#8221;fontspace-135905&#8243; uncode_shortcode_id=&#8221;195778&#8243; text_color_type=&#8221;uncode-palette&#8221;]asociado[\/vc_custom_heading][vc_empty_space empty_h=&#8221;0&#8243;][vc_custom_heading heading_semantic=&#8221;h3&#8243; text_size=&#8221;h5&#8243; text_weight=&#8221;400&#8243; text_height=&#8221;fontheight-357766&#8243; uncode_shortcode_id=&#8221;135408&#8243; text_color_type=&#8221;uncode-solid&#8221; text_color_solid=&#8221;#5b616b&#8221;]<\/p>\n<p data-start=\"315\" data-end=\"723\">Abogado de la Universidad de los Andes y Diplomado en Derecho de la Empresa de la Universidad Andr\u00e9s Bello.<\/p>\n<p data-start=\"315\" data-end=\"723\">Su pr\u00e1ctica se centra en derecho corporativo y comercial, fusiones y adquisiciones e inmobiliaria.<\/p>\n<p>[\/vc_custom_heading][vc_empty_space empty_h=&#8221;2&#8243;][vc_custom_heading text_color=&#8221;accent&#8221; heading_semantic=&#8221;h3&#8243; text_size=&#8221;h5&#8243; text_weight=&#8221;400&#8243; text_height=&#8221;fontheight-357766&#8243; uncode_shortcode_id=&#8221;129551&#8243; text_color_type=&#8221;uncode-palette&#8221;]<a href=\"mailto:jalcalde@valdesriesco.com\" target=\"_blank\" rel=\"noopener\">Mail<\/a>[\/vc_custom_heading][vc_separator sep_color=&#8221;accent&#8221; uncode_shortcode_id=&#8221;840491&#8243; sep_color_type=&#8221;uncode-palette&#8221;][vc_custom_heading text_color=&#8221;color-prif&#8221; heading_semantic=&#8221;h3&#8243; text_size=&#8221;h5&#8243; text_weight=&#8221;400&#8243; text_height=&#8221;fontheight-357766&#8243; uncode_shortcode_id=&#8221;851606&#8243; text_color_type=&#8221;uncode-palette&#8221;]<a href=\"https:\/\/www.linkedin.com\/in\/jorge-alcalde-schonherr-088798201\/\" target=\"_blank\" rel=\"noopener\">Linkedin<\/a>[\/vc_custom_heading][\/vc_column][\/vc_row]<\/p>\n<\/div>","protected":false},"excerpt":{"rendered":"<p>[vc_row unlock_row_content=&#8221;yes&#8221; row_height_percent=&#8221;60&#8243; override_padding=&#8221;yes&#8221; h_padding=&#8221;5&#8243; top_padding=&#8221;7&#8243; bottom_padding=&#8221;7&#8243; back_image=&#8221;160059&#8243; overlay_alpha=&#8221;0&#8243; gutter_size=&#8221;3&#8243; column_width_percent=&#8221;100&#8243; shift_y=&#8221;0&#8243; z_index=&#8221;0&#8243; top_divider=&#8221;gradient&#8221; bottom_divider=&#8221;gradient&#8221; content_parallax=&#8221;1&#8243; content_parallax_safe=&#8221;yes&#8221; uncode_shortcode_id=&#8221;149515&#8243; front_end_with_slider=&#8221;true&#8221; el_class=&#8221;mobile-flex-bottom&#8221;][vc_column [&hellip;]<\/p>\n","protected":false},"author":3,"featured_media":0,"parent":0,"menu_order":0,"comment_status":"closed","ping_status":"closed","template":"","meta":{"footnotes":""},"class_list":["post-160038","page","type-page","status-publish","hentry"],"_links":{"self":[{"href":"https:\/\/www.valdesriesco.com\/index.php?rest_route=\/wp\/v2\/pages\/160038","targetHints":{"allow":["GET"]}}],"collection":[{"href":"https:\/\/www.valdesriesco.com\/index.php?rest_route=\/wp\/v2\/pages"}],"about":[{"href":"https:\/\/www.valdesriesco.com\/index.php?rest_route=\/wp\/v2\/types\/page"}],"author":[{"embeddable":true,"href":"https:\/\/www.valdesriesco.com\/index.php?rest_route=\/wp\/v2\/users\/3"}],"replies":[{"embeddable":true,"href":"https:\/\/www.valdesriesco.com\/index.php?rest_route=%2Fwp%2Fv2%2Fcomments&post=160038"}],"version-history":[{"count":41,"href":"https:\/\/www.valdesriesco.com\/index.php?rest_route=\/wp\/v2\/pages\/160038\/revisions"}],"predecessor-version":[{"id":160319,"href":"https:\/\/www.valdesriesco.com\/index.php?rest_route=\/wp\/v2\/pages\/160038\/revisions\/160319"}],"wp:attachment":[{"href":"https:\/\/www.valdesriesco.com\/index.php?rest_route=%2Fwp%2Fv2%2Fmedia&parent=160038"}],"curies":[{"name":"wp","href":"https:\/\/api.w.org\/{rel}","templated":true}]}}